at is the units digit of c?
0
Suppose -21 = -5*j + 2*o + 6, -5*j = -o - 26. Suppose 4*z - 83 = j*k, 2*k = -0*k + 5*z - 23. Let n = k - -55. What is the units digit of n?
6
Let l(p) be the first derivative of -p**5/30 - 25*p**4/24 + 4*p**3/3 + 11. Let x(o) be the third derivative of l(o). What is the tens digit of x(-15)?
3
Let j(c) = -6*c - 422. Let k be j(-71). Let t(l) = 16*l**2 + 4*l + 6. Let w be t(-4). Suppose k*u - 2*u = w. What is the units digit of u?
3
Suppose -46*k + 185253 = -103167. What is the thousands digit of k?
6
Suppose 71*i - 3016694 = -93*i + 6*i. What is the ten thousands digit of i?
1
Let x be (-6 - 196/(-32)) + 190/16. Suppose -10*v + 6*v = -x. Suppose 3*j - 555 = 3*y, -2 = -y + v*y. What is the hundreds digit of j?
1
Let d be 2/(-15) + (-5537)/(-15). Suppose -d*v + 3794 = -362*v. What is the hundreds digit of v?
5
Suppose 0 = -2*c + o + 52247, -55*c + 52*c - 5*o + 78338 = 0. What is the ten thousands digit of c?
2
Let t = -4765 - -5199. What is the tens digit of t?
3
Let p = 58 + -26. Suppose -3*r - p = -83. Suppose 450 = 3*z + 5*b, -z - 3*b + r = -137. What is the units digit of z?
5
Let y(v) = -417*v - 1385. What is the tens digit of y(-14)?
5
Let v(h) = -11205*h - 6319. What is the units digit of v(-7)?
6
Suppose -u + 38*g = 34*g - 7557, -3*u - g = -22606. What is the hundreds digit of u?
5
Let y(z) = -3*z**2 + 43*z + 27. Let j be y(10). Let t(v) = 19*v - 6. Let g be t(-5). Let s = g + j. What is the tens digit of s?
5
Suppose 36*b = 32*b + 20. Let k(w) = -w**2 + 28 - b*w + 10*w + 25*w. What is the units digit of k(27)?
9
Let d(a) = 1. Let h(g) = 22*g - 35. Let q be ((6 + -5)/(-3))/(1/(-3)). Let v(n) = q*h(n) - d(n). What is the tens digit of v(11)?
0
Suppose 0 = 7*x - 5*x - 4. Suppose x*y = -2*n + 5*n - 17, -32 = -4*n + 5*y. Suppose n*r + 3*r = 96. What is the units digit of r?
6
Suppose 19*r + 252 = 23*r. Let j be (r/(-4))/(-2 + 132/64). Let z = 427 + j. What is the tens digit of z?
7
Suppose 5*m - 25 = t, -2*m + 9 + 1 = -t. Suppose 8*d - 19*d + 11264 = t. What is the hundreds digit of d?
0
Let v(j) = -j**3 + 47*j**2 + 29*j - 777. What is the units digit of v(26)?
3
Let c(o) be the second derivative of 65*o**4/6 + 5*o**3/3 + 9*o**2 - 128*o. What is the units digit of c(-2)?
8
Suppose 6 = -3*q - 0*q. Let f = -40 + q. What is the tens digit of (-4728)/f - 3 - 4/7?
0
Suppose -2*o = -96 - 18. What is the thousands digit of ((-22)/10 + 1)/(o/(-47690))?
1
What is the hundreds digit of (-429)/(-22)*(3 - (-239 + 0))?
7
Let j = -39 + 20. Let w(s) = 2*s**3 + 38*s**2 - s + 32. Let y(q) = 3*q**3 + 57*q**2 - q + 48. Let d(r) = 8*w(r) - 5*y(r). What is the tens digit of d(j)?
7
Suppose 543207 + 1493580 = 233*a - 9186. What is the thousands digit of a?
8
Suppose -66 = 4*j + 106. Let h = -1470 - -1517. Let d = h + j. What is the units digit of d?
4
Let n(w) = -12*w - 20 - 152*w**2 + 5*w + 161*w**2 + w. What is the tens digit of n(7)?
7
Suppose -10*x + 6 = -7*x, 2*x = -k + 11772. What is the tens digit of k?
6
Let o(m) be the first derivative of -m**4/4 + 25*m**3/3 - 3*m**2 - 46*m - 100. What is the units digit of o(18)?
4
Suppose 4*h + 16908 = 6*h - 3*q, 4*h - q - 33786 = 0. What is the tens digit of h?
4
Suppose -3*m + 38945 = 2*o, 706*m = 4*o + 711*m - 77895. What is the units digit of o?
0
Suppose -72*t = 25*t - 3031444. What is the thousands digit of t?
1
Suppose -5206*v + 5219*v = 257322. What is the hundreds digit of v?
7
Suppose -105*p + 84*p + 21 = 0. Let g(d) = 5*d**2 - d. Let h be g(-1). What is the tens digit of h*13 + (5 - p)?
8
Let t(c) = -c + 12. Suppose 2*r = f + 21, -3*f = -2*r + 3*r + 7. Let g be t(r). Suppose -4*n + g*w + 105 = -n, 5*n + w = 152. What is the tens digit of n?
3
Let q(d) = -2*d**2 - d - 10. Let l be q(0). Let a be (-4)/8 - (-75)/l. Let k(s) = s**3 + 10*s**2 + 3*s + 9. What is the hundreds digit of k(a)?
1
Let a(s) = -23*s**3 - s**2 + s + 1. Let d be a(1). What is the tens digit of 18 + 1 - (d - -26)?
1
Let c = 392 - -573. Let v = c + 21. What is the tens digit of v?
8
Suppose -2*s + 21 + 9 = 3*v, 3*v - 2*s - 30 = 0. Suppose -v*h + 276 = -7*h - 3*a, -468 = -5*h + a. What is the units digit of h?
4
Suppose 3*u - 34 = -10. Suppose 4*d = 5*b - 62, -5*b - 1 + 11 = 0. What is the units digit of -3*d*(u + -5)?
7
Let s = -7367 - -8030. Suppose 9*n - 1829 = 4*n + k, -n + k = -365. Suppose s = 7*y - n. What is the hundreds digit of y?
1
Let y(k) = 2*k - 39. Suppose 5*n = -49 - 41. Let w be y(n). Let h = 219 + w. What is the hundreds digit of h?
1
What is the units digit of (12569677/888 + (-3)/8)/(6/9)?
2
Suppose -11*r + 335 = -347. Suppose -r*o + 56*o + 2016 = 0. What is the hundreds digit of o?
3
Suppose -2*i - 42 - 143 = 3*m, 140 = -2*m + 2*i. Let v(q) = -q**2 + 25*q - 3. Let u be v(-4). Let w = m - u. What is the units digit of w?
4
Suppose 5*i = 4*m + 10628, 2*i - 30*m = -27*m + 4247. Let o = i + -1221. What is the units digit of o?
7
Let q be (-68)/(-10) - (-1)/5. Suppose 39 = -q*c + 8*c. Suppose -c = -5*s - 4. What is the units digit of s?
7
What is the ten thousands digit of ((-86883)/(-6) + 2)/((-12)/(-72))?
8
Let r be (-1218)/(-7) + 1 + 4. Suppose 5*t - r + 39 = 0. What is the tens digit of t?
2
Suppose 30*c - 124 = -c. Suppose -w + 722 = -x, -2*w + c*w + x = 1456. What is the tens digit of w?
2
What is the hundreds digit of 1/(-1) - (49264/(-6))/((-122)/(-366))?
6
Suppose x + 5*b = 2756 - 342, 5*x - 11983 = 4*b. What is the thousands digit of x?
2
Let h = 445 + 3679. What is the units digit of h?
4
Let q = 14079 + -6448. What is the thousands digit of q?
7
Let m(x) be the first derivative of -x**6/360 + x**5/120 + 17*x**4/8 - 5*x**3/3 + 7. Let v(q) be the third derivative of m(q). What is the tens digit of v(0)?
5
Let i(d) = d**2 - 12*d - 10. Let m be i(13). Let f be 536/(-12) - -4*m/18. Let g = 79 + f. What is the tens digit of g?
3
Let f(r) = -29*r**3 - 68*r**2 + 2*r - 62. What is the hundreds digit of f(-12)?
2
What is the units digit of (123/(-943))/(12/8) + 686094/46?
5
Let q(i) = 14 + i**2 + 4 + 15 + 3 - 7*i. Let o be q(6). What is the units digit of ((-162)/o - -5)*(-374 - 1)?
0
Suppose -3*i - 15*p + 18*p = -12, -4*p = 4*i + 16. Suppose i = 20*h + 10*h - 13920. What is the hundreds digit of h?
4
Let u = -133 - -135. What is the hundreds digit of 5410/45 + u + (-6)/27?
1
Let r(q) = 6 + 8*q**2 - 13*q**2 + q**2 - q**3 + 15*q + 7*q**2. What is the units digit of r(-7)?
1
Let m(a) = -85*a + 652. What is the units digit of m(-54)?
2
Let w = 7 - 7. Let p(l) = l**3 + 2*l**2 - 2*l + 586. What is the tens digit of p(w)?
8
Suppose -205*s + 1157760 = 83*s. What is the tens digit of s?
2
Suppose -3*b + 3*j - 2*j = -385, 12 = -3*j. Let w = 400 + b. What is the tens digit of w?
2
Suppose 0 = -4*f + 2*m + 23 + 41, 0 = -2*f - 3*m + 16. Suppose -4*p + f*p - 70 = 0. Let z(b) = -b**2 + 11*b + 4. What is the units digit of z(p)?
2
What is the units digit of 2/(30/1046945) - 8/(-12)?
7
Let h = 153 - 48. Suppose 2*l - 55 - h = 0. Let v = 161 - l. What is the tens digit of v?
8
Suppose 4*p - q - 3822 - 2062 = 0, -3*p + 4422 = -3*q. What is the thousands digit of p?
1
Suppose -n = 2*v + n + 918, 0 = -v + 3*n - 479. Let s = 804 + v. What is the tens digit of s?
4
Suppose 11135 = 44*w - 16437 - 28220. What is the units digit of w?
8
Suppose -55*w + 5 = -54*w. Suppose 2*s = -w*s + 3409. What is the tens digit of s?
8
Suppose 208832 = -0*v + 19*v - 535702. What is the hundreds digit of v?
1
Let o(w) = 2*w**2 + 19*w + 10. Let i be o(0). What is the thousands digit of (-525)/(i/60 + (-2)/4)?
1
Suppose -n + 4*d = 21 - 10, -29 = -5*n - d. Let s(v) = 15*v**2 + 13*v - 40. What is the units digit of s(n)?
0
Let d = 213 + -195. Suppose 123 = -d*k + 19*k. What is the hundreds digit of k?
1
What is the thousands digit of -1*-9868*1/2?
4
Suppose 136*d - 6390 = 121*d. Let p = d - -70. What is the units digit of p?
6
Let p = -4132 - -9881. Suppose -12*j + p = 1369. What is the units digit of j?
5
Let l = -12326 - -19062. What is the thousands digit of l?
6
Suppose 11407 = -13*k + 15*k - 129953. What is the units digit of k?
0
Let a(p) = p**2 - 14*p - 88. Let q be a(-23). Let d = -396 + q. What is the tens digit of d?
6
Suppose 5*s = 4*t - 244, 16*s - 236 = -4*t + 19*s. Suppose 2*r + 94 = 3*r. Let b = r - t. What is the tens di